(-22).
-43
Let q(l) = 2*l**2 - 1394*l + 109236. Determine q(90).
-24
Let u(y) = 2*y**2 + 5510*y + 227859. Give u(-42).
-33
Let m(u) = u**2 + 267*u - 12144. What is m(40)?
136
Let n(a) = -3*a**2 - 551*a + 282220. Give n(-412).
0
Let f(b) = -b**3 - 51*b**2 - 351*b - 188. Give f(-43).
113
Let i(n) = -73*n**3 + 228*n**2 + 663*n - 8. Give i(-3).
2026
Let j(g) = 441*g - 42328. Calculate j(96).
8
Let f(y) = -91*y**2 - 1912*y + 91. Give f(-21).
112
Let j(a) = -a**3 + 31*a**2 + 695*a + 18. Determine j(-15).
-57
Let p(c) = -1469*c + 38211. What is p(26)?
17
Let g(r) = -5*r**2 - 625*r + 6024. Determine g(9).
-6
Let n(u) = 23766*u + 4087753. What is n(-172)?
1
Let h(i) = -47*i**3 - 5*i**2 + 146*i + 302. Give h(-2).
366
Let c(o) = 951*o - 860651. Calculate c(905).
4
Let z(a) = -4*a**2 + 619*a - 525. Give z(154).
-63
Let k(h) = -h**3 - 20*h**2 - 944*h - 8591. Give k(-10).
-151
Let t(j) = -j**2 + 42047*j - 9160341. Determine t(219).
-9
Let o(v) = -4274*v + 3295297. Calculate o(771).
43
Let k(u) = 10*u**2 - 154*u - 2338. Give k(-12).
950
Let j(v) = -v**2 + 637*v + 60608. Give j(-84).
44
Let q(f) = -2476*f - 19114. Determine q(-8).
694
Let l(r) = -r**2 + 209*r - 5146. Determine l(152).
3518
Let r(b) = -119*b**2 + 372*b + 1116. Give r(-3).
-1071
Let b(f) = f**3 - 174*f**2 - 1830*f - 120. Give b(-10).
-220
Let v(a) = -3*a**3 + 36*a**2 + 38*a + 291. Give v(14).
-353
Let a(x) = 812*x + 28046. Calculate a(-34).
438
Let m(i) = -619*i**2 + 7421*i - 47. What is m(12)?
-131
Let a(w) = -w**2 + 1086*w - 181273. Determine a(206).
7
Let j(k) = -2*k**2 - 2293*k + 37217. Determine j(16).
17
Let c(k) = 974*k + 10681. Give c(-11).
-33
Let t(v) = -3*v**2 - 1262*v - 38021. Determine t(-388).
3
Let y(i) = -i**2 - 42626*i - 383487. Give y(-9).
66
Let c(x) = -5*x**2 - 259*x - 2044. Calculate c(-10).
46
Let y(n) = -2*n**3 - 20*n**2 + 153*n + 1487. Give y(-8).
7
Let v(g) = -4*g**3 + 61*g**2 - 60*g + 1674. What is v(16)?
-54
Let c(h) = -h**2 - 16*h + 104. What is c(-20)?
24
Let a(x) = 234*x**2 - 238*x - 465. Give a(2).
-5
Let z(p) = -3*p**2 + 651*p + 231964. Calculate z(-190).
-26
Let n(k) = 21*k**3 + 322*k**2 + 137*k + 489. Determine n(-15).
9
Let n(f) = 2*f**3 - 137*f**2 + 37*f + 2037. What is n(68)?
-71
Let j(g) = -2*g**3 - 69*g**2 + 348*g - 61. Determine j(-39).
56
Let h(v) = -1102001*v + 2204006. What is h(2)?
4
Let q(r) = 183*r - 1800. What is q(0)?
-1800
Let n(p) = -2600*p + 168995. Give n(65).
-5
Let k(i) = 5*i**2 - 1354*i + 9463. Calculate k(7).
230
Let n(r) = 3*r**3 - 996*r**2 + 82420*r + 847. Calculate n(157).
62
Let h(z) = z**3 - 27*z**2 + 350*z - 8443. Give h(26).
-19
Let w(g) = 602*g + 173. What is w(-1)?
-429
Let f(j) = -2*j**2 + 608*j - 2364. Give f(300).
36
Let n(r) = r**3 + 78*r**2 - 263*r + 12607. Calculate n(-83).
-9
Let a(g) = -4*g**2 + 17*g + 2959. Determine a(30).
-131
Let o(g) = -3*g**2 + 31*g - 24. Determine o(-11).
-728
Let f(n) = -142*n**2 + 132064*n - 3723. Determine f(930).
-3
Let o(u) = -266*u**2 + 3973*u - 3971. Determine o(1).
-264
Let q(l) = 1684*l + 3263. Give q(-2).
-105
Let k(r) = -79618*r - 716585. Give k(-9).
-23
Let p(l) = -8*l**2 - 309*l + 14159. Calculate p(27).
-16
Let z(a) = -a**2 + 13848*a + 305264. What is z(-22)?
124
Let t(z) = 25138*z + 49810. What is t(-2)?
-466
Let x(g) = -283*g - 37274. Determine x(-143).
3195
Let u(p) = 5554*p - 66895. Calculate u(12).
-247
Let z(x) = x**3 + 154*x**2 - 304*x + 1182. Calculate z(-156).
-66
Let v(z) = z**2 - 1755*z + 12204. What is v(7)?
-32
Let f(v) = -v**3 - 21053*v**2 - 147326*v - 14. Calculate f(-7).
14
Let w(k) = -k**3 - 21*k**2 - 77*k + 353. Determine w(-15).
158
Let b(j) = -2798*j - 155899. Give b(-56).
789
Let k(v) = 65661*v - 656553. Give k(10).
57
Let n(s) = 98*s**3 - 2*s**2 + 3779*s - 3779. Determine n(1).
96
Let d(k) = -8*k**2 - 116*k + 116. What is d(-15)?
56
Let y(i) = -11*i**3 - 18*i**2 + 122*i + 395. What is y(-3)?
164
Let x(l) = -270693*l + 4872475. Determine x(18).
1
Let d(v) = -v**2 + 25346*v + 507450. Determine d(-20).
130
Let x(r) = -9*r**3 - 1480*r**2 - 2107*r + 1971. Calculate x(-163).
15
Let v(o) = o**3 + 1339*o**2 + 84022*o + 5087. What is v(-1273)?
-5
Let h(y) = -30353*y + 91056. Calculate h(3).
-3
Let c(m) = 57*m**3 + m**2 - 170*m - 172. What is c(-1)?
-58
Let b(y) = -169*y**3 - 680*y**2 - 282*y - 1060. Calculate b(-4).
4
Let z(v) = -v**3 + 12*v**2 + 168*v - 649. Give z(9).
1106
Let s(g) = g**3 + 179*g**2 - 951*g - 5705. Give s(-184).
-1
Let z(g) = 8*g**3 - 8*g**2 - 7*g - 2. Determine z(-6).
-1976
Let n(j) = -10341*j - 5749586. Calculate n(-556).
10
Let f(x) = -23*x**2 + 772*x - 2450. What is f(30)?
10
Let d(q) = -144*q - 9423. What is d(-103)?
5409
Let u(q) = 15*q**2 + 5697*q + 4557. What is u(-379)?
9
Let x(f) = f**2 - 2302*f - 5142051. What is x(-1392)?
-3
Let s(l) = l**3 + 349*l**2 - 683*l + 6637. Give s(-351).
-32
Let o(x) = x**3 - 6*x**2 + 1356*x - 6719. What is o(5)?
36
Let k(l) = 5673*l - 17017. What is k(3)?
2
Let g(b) = -6*b**3 - 1109*b**2 + 833*b + 322553. Give g(-184).
1
Let x(m) = 632992*m - 1898978. Calculate x(3).
-2
Let q(d) = -d**3 - 36*d**2 - 243*d - 980. Determine q(-28).
-448
Let q(p) = 1706*p + 895644. What is q(-525)?
-6
Let v(g) = -195*g + 31932. Give v(166).
-438
Let l(m) = 328*m + 101059. Calculate l(-313).
-1605
Let j(d) = -1799069*d + 5397218. Determine j(3).
11
Let l(p) = -p**3 - 28*p**2 + 25*p + 1994. Determine l(-26).
-8
Let s(p) = 343348*p - 1030021. What is s(3)?
23
Let q(w) = -2*w**2 + 565*w - 16048. Calculate q(32).
-16
Let a(o) = -392*o**2 + 1172*o + 2. Calculate a(3).
-10
Let j(d) = -2*d**2 + 379*d - 1771. What is j(185)?
-106
Let h(l) = 3*l**2 - 265*l + 5867. Give h(33).
389
Let n(j) = -555*j - 4266. What is n(-8)?
174
Let q(s) = -922*s - 116815. Give q(-127).
279
Let m(t) = 1809*t**2 + 150150*t + 256. Determine m(-83).
7
Let j(d) = d**3 + d**2 + 46*d - 133. Calculate j(6).
395
Let y(h) = 5561*h**2 + 311416*h - 21. Give y(-56).
-21
Let h(o) = o**3 - 8*o**2 + 90*o - 694. Calculate h(8).
26
Let z(s) = 1715*s - 397892. Give z(232).
-12
Let a(u) = -u**2 + 1055*u - 15608. Give a(15).
-8
Let z(p) = -p**2 + 2614*p - 148401. Give z(58).
-153
Let v(a) = a**2 + 2355*a + 32764. What is v(-14)?
-10
Let l(a) = 1104*a + 4659. Calculate l(-5).
-861
Let u(s) = -828*s - 46356. Give u(-56).
12
Let z(d) = -d**3 - 75*d**2 - 193*d + 6475. Determine z(-71).
14
Let l(t) = t**2 + 16*t - 74. What is l(10)?
186
Let b(r) = 1114*r + 142476. Give b(-128).
-116
Let u(z) = -z**2 - 174*z - 1320. Give u(-166).
8
Let v(i) = i**3 + 53*i**2 + 627*i - 82. Give v(-35).
23
Let y(w) = 117*w**2 - 148*w - 11. Calculate y(2).
161
Let f(w) = -176*w + 9875. Calculate f(61).
-861
Let p(r) = r**3 - 17*r**2 - 904*r - 651. Give p(40).
-11
Let x(t) = 4*t**3 - 22*t**2 + 231*t + 951. What is x(-3)?
-48
Let u(d) = -32*d**3 + d**2 - 403*d + 11. Give u(0).
11
Let n(b) = 13142*b - 223422. Calculate n(17).
-8
Let i(j) = -j**3 + 162*j**2 + 5103*j - 271. What is i(189)?
-271
Let r(u) = 33203*u**2 - 531252*u + 57. Give r(16).
-7
Let l(r) = -9*r**2 + 468*r - 2448. Calculate l(46).
36
Let c(f) = 38047*f - 2929653. What is c(77)?
-34
Let y(a) = 389*a - 11690. Give y(32).
758
Let c(b) = b**3 + 1029*b**2 + 494*b + 508324. Give c(-1029).
-2
Let n(j) = 979*j - 1950. Give n(2).
8
Let h(m) = 355654*m + 2133919. What is h(-6)?
-5
Let a(g) = -23*g**2 - 364*g - 1194. Calculate a(-12).
-138
Let a(j) = j**3 - 891*j**2 - 3394*j - 166458. Determine a(895).
12
Let f(g) = 76*g**3 - 9805*g**2 + 125*g + 509. What is f(129)?
-7
Let y(a) = a**2 - 562*a + 75859. What is y(237)?
-1166
Let j(h) = 5044*h**2 - 30281*h - 6. What is j(6)?
-108
Let z(d) = 329*d + 19598. Calculate z(-60).
-142
Let d(l) = l**3 - 13*l**2 - 119*l - 282. Calculate d(21).
747
Let k(i) = -3242852*i - 29185661. What is k(-9)?
7
Let f(a) = 221*a + 3108. Determine f(-14).
14
Let q(w) = 3*w**2 - 199*w - 3380. Calculate q(-14).
-6
Let j(y) = 2*y**3 - 164*y**2 + 778*y - 165. Determine j(77).
451
Let x(f) = 57*f**2 + 13605*f - 4327. Calculate x(-239).
-25
Let q(j) = 135*j + 509. Calculate q(-3).
104
Let o(m) = -2561*m - 453214. Give o(-177).
83
Let w(n) = -1057*n + 9506. What is w(9)?
-7
Let x(a) = -111*a + 8001. Determine x(76).
-435
Let f(r) = -97411*r + 90592233. Calculate f(930).
3
Let k(w) = -345*w**2 - 1034*w - 20. Give k(-3).
-23
Let h(n) = 11*n**